t = 124 + 196. Let h be 48/t + (-324)/(-10). What is the highest common factor of 3 and h?
3
Let n be -2 - ((-30)/(-3))/(-2). Let k be n*1*9/(-3). Let f = k + 18. Calculate the highest common factor of f and 3.
3
Suppose -4*c + 66 = 3*j, -2*c - 3*c = 4*j - 88. What is the greatest common factor of 55 and j?
11
Let w be 6/(-2)*56/(-12). Let i be ((-1)/2)/((-3)/12). Calculate the highest common divisor of i and w.
2
Suppose 4*n - 30 = 2*t, 1 = -3*t - 8. What is the highest common divisor of n and 30?
6
Let q = -7 - -12. What is the greatest common divisor of q and 20?
5
Suppose -8*u + 3*u = -2*t + 4, 3*u = 0. Let h be 56/5 - t/10. Let s = 17 + -6. Calculate the greatest common divisor of h and s.
11
Suppose -5*t + 52 = 2*n, 2*t + 53 = 7*t + 3*n. Suppose t + 2 = 2*u. What is the greatest common factor of 30 and u?
6
Suppose -3*k + 7 = i - 21, 60 = 5*k + 5*i. Let h = 20 + 2. Let b = -6 + h. Calculate the greatest common factor of k and b.
8
Let i be (0 + -2)/2 + -2. Let s be 3/(i/48*-3). Calculate the greatest common factor of 16 and s.
16
Let w(f) = 12*f - 3. Let j be w(10). Calculate the greatest common divisor of 13 and j.
13
Let t(f) = f**2 + 25*f + 27. Let j be t(-24). What is the greatest common factor of j and 2?
1
Suppose 0 = 3*d - o + 4 - 23, 2*o + 2 = 0. Suppose -2*v = -d*v + 96. Calculate the highest common divisor of 12 and v.
12
Let s be ((-32)/6)/(2/(-6)). Suppose 0 = -d - s + 76. What is the greatest common divisor of d and 10?
10
Let q = 10 + 0. Calculate the greatest common divisor of q and 40.
10
Let s be ((-30)/(-24))/((-1)/(-48)). Let a(t) = 7*t - 4. Let n be a(5). Let b = n + -16. What is the highest common divisor of b and s?
15
Suppose -5*o = 2*d + 2*d - 75, 0 = -2*d - 10. Let t = 2 + o. What is the greatest common factor of t and 21?
21
Let s = 21 + -11. Suppose -26 = -2*f + 26. Let n be f/2 + (-2)/(-1). What is the greatest common divisor of n and s?
5
Let s be 9/15 - (-4)/10. Let k be 0 + (-1)/s - 1. Let p be (-2)/(-1) - (k - 1). Calculate the highest common divisor of 20 and p.
5
Let a = -35 - -113. Calculate the greatest common divisor of a and 104.
26
Let k = 124 - 88. Calculate the highest common divisor of k and 9.
9
Let q(d) be the third derivative of 1/30*d**5 + 0 + 0*d + 0*d**3 + 1/6*d**4 - d**2. Let r be q(3). What is the greatest common divisor of 10 and r?
10
Let d(r) = -r**2 + 2*r. Let u be d(1). Suppose -f + 13 - 6 = 5*y, 2*y + f = 4. What is the highest common factor of y and u?
1
Let o be (-6 + -1)*-1*14. Suppose -6*z + 4*z = -4. Suppose -4*m - r + 65 - 8 = 0, m - 16 = -z*r. What is the greatest common factor of o and m?
14
Let l be -2 - -2 - 0 - -14. Let f(r) = -13*r + 1. Suppose 3 = -3*q - 0. Let t be f(q). What is the highest common factor of l and t?
14
Let t be 10/4*(-16)/(-8). Suppose 4*y = t*l - 69, -2*l - 2*y + 23 = y. Calculate the highest common divisor of l and 52.
13
Suppose 0 = 4*x - 2*y + 342, 2*y + 194 = -3*x - 52. Suppose -328 = -4*h + 2*h. Let w = x + h. Calculate the greatest common factor of 20 and w.
20
Let x be 2/3 + 4592/42. What is the highest common factor of x and 10?
10
Suppose -3*w - 11 = 2*g, 4*g + 19 = -2*w - w. Let k be 27/(-18)*6/w. Calculate the greatest common divisor of 63 and k.
9
Suppose 9 - 3 = -2*f. Let w be f/(-8)*-2*-4. What is the greatest common factor of 9 and w?
3
Suppose -5*w + 9 = -3*u, -5*u = -1 - 9. Suppose -w*a + 309 = -4*o, o - 6*o = 2*a - 183. Calculate the highest common divisor of a and 11.
11
Let c be (6/2 - -30) + -1. Suppose -c = -3*y + d + 15, -2*y = 5*d - 37. What is the greatest common factor of 4 and y?
4
Let c(o) = -4*o**3 + 23*o**2 + 9*o - 6. Let a be c(6). What is the highest common factor of 6 and a?
6
Let a be (-3)/(-9) + ((-1610)/3)/(-7). What is the highest common divisor of a and 22?
11
Let v be 42 - ((-12)/3 - -2). Let q be 4 + -1 - (-14 + 13). What is the greatest common divisor of q and v?
4
Suppose -2*l = -7*l + 10. Suppose 2*y = -3*y + 115. Let a be (-2 + 1)*1 + y. What is the highest common factor of l and a?
2
Let j = -114 - -75. Let l = 73 - 18. Let k = l + j. What is the highest common factor of 32 and k?
16
Let r(h) = -h + 3*h**2 - h**2 - 2 + 9*h + 0*h. Let i be r(-7). Suppose -2*s + 24 = -i. What is the greatest common divisor of s and 16?
16
Let x = -13 + 22. Let i = -5 + 8. Suppose -2*q = 3*h - 0 - 14, -5*h + 23 = i*q. What is the greatest common factor of q and x?
1
Let y be 1 + 2 - (5/(-5) - 16). Let w be (-319)/(-4) + (-2)/(-8). What is the highest common divisor of w and y?
20
Suppose -4*x + 268 = -4. Let q be -10*(1 + x/(-20)). Calculate the highest common factor of q and 6.
6
Let v = 4 + 0. Let f = -41 + 85. Calculate the highest common factor of v and f.
4
Let d(z) = -z**3 + 8*z**2 + 6*z + 4. Let m be d(7). Suppose 0 = 97*t - 91*t - 228. Calculate the highest common divisor of m and t.
19
Suppose 0 = -276*v + 278*v - 160. Calculate the highest common factor of 10 and v.
10
Suppose 0 = -6*i + 3*i. Let t be -23*(-5 + (0 - i)). Let j(k) = k**2 + 12*k - 22. Let l be j(-15). Calculate the greatest common factor of l and t.
23
Let n(m) = -4*m - 12. Let o be n(-6). What is the highest common divisor of 108 and o?
12
Let l be 2/(-13) + 1106/91. Calculate the highest common divisor of 6 and l.
6
Let w(q) = 24*q + 43. Let j be w(17). Calculate the highest common factor of 41 and j.
41
Let r(z) = 6*z**2. Let k be r(2). Suppose -2*m + k = m. Suppose -2*j = 2*j - m. What is the greatest common divisor of 1 and j?
1
Let u be 0 - 3*4/(-4). Suppose 0*z = 5*z - 255. Suppose 0 = 4*o - z + u. What is the highest common factor of o and 48?
12
Suppose -54 + 28 = -b. Calculate the highest common factor of 13 and b.
13
Suppose s + 4*b = 3*b + 5, 3*s - 11 = -b. Suppose -3*g + 39 = 3*j, -s*j + 3*g + 21 = -0*j. What is the highest common factor of j and 4?
2
Let j(b) = 112*b**2 + b + 59*b**2 + 3 - 2. Let u be j(-1). Calculate the greatest common factor of 19 and u.
19
Let l be 6/(-45)*3 - 720/(-50). Suppose 0 = -0*y + 4*y - 56. What is the highest common divisor of y and l?
14
Let j(p) = -4*p**2 - 2*p + 1. Let s be j(-2). Let i(r) = r**2 + 10*r - 1. Let g be i(s). What is the highest common factor of 110 and g?
10
Let y be 0/2 - -1*24. Let t = 13 + 23. What is the highest common divisor of y and t?
12
Let t(w) = 2*w**2 + 2*w + 1. Let z be t(-1). Let c = 0 - 1. Let d = z - c. What is the highest common factor of 14 and d?
2
Let y = 53 + -33. Calculate the highest common factor of 100 and y.
20
Let k be (-4)/6 + (-14)/(-3). Suppose 36 = k*h + 8. Let x = 3 - -11. What is the highest common divisor of h and x?
7
Let f = 10 + -4. What is the greatest common factor of f and 21?
3
Suppose w = 4 - 3. Suppose 3*r = -o + 23, -o + w + 4 = 0. Calculate the highest common factor of r and 4.
2
Let i(x) = x**2 + 2*x - 19. Let j be i(9). What is the highest common factor of 32 and j?
16
Let z = 21 + -15. Suppose 2*m = -d + 23, -5*d + z = 2*m - 13. Calculate the greatest common divisor of 8 and m.
4
Let o(k) = -k**2 + 5*k - 7. Let s be o(5). Let h = s + 16. Let x(z) = -z**2 + 10*z + 5. Let d be x(h). What is the greatest common factor of d and 2?
2
Let q be (54 - -6)*108/15. What is the highest common factor of q and 54?
54
Suppose 5*i - 53 - 457 = 0. Calculate the greatest common factor of i and 34.
34
Let x be 2 + 0 - (-1 - 1) - 1. What is the greatest common factor of 33 and x?
3
Let u be 1*6*2/3. Suppose m = -4*g - 2*m + 52, -u*g - m = -44. Let j(s) = s - 1. Let n be j(5). Calculate the highest common divisor of g and n.
2
Let s(p) = -14*p**3 + 2*p + 1. Let r be s(-1). Calculate the greatest common divisor of r and 117.
13
Suppose 5*l - l + q - 285 = 0, -4*q = 3*l - 204. Calculate the highest common factor of l and 12.
12
Suppose -5*w = -0*w - 10. Let o(i) = 22*i + 5. Let k(h) = 11*h + 2. Let q(z) = 5*k(z) - 2*o(z). Let l be q(w). What is the greatest common divisor of 33 and l?
11
Let t = 23 - 11. What is the greatest common divisor of t and 12?
12
Let q = 142 - 32. Calculate the highest common factor of q and 10.
10
Suppose -2*s = -s + 36. Let o = -18 - s. What is the greatest common factor of o and 45?
9
Let n be (3 + (-1 - -52) - 0) + 3. Suppose -4*w + 22 + 130 = 0. Calculate the greatest common factor of n and w.
19
Suppose 0 = -4*h, -4*j + 3*h + h 